the highest common factor of l and 33?
11
Suppose -36 - 39 = -m. Calculate the highest common divisor of 30 and m.
15
Suppose -8*d + 3042 = 562. What is the greatest common factor of d and 62?
62
Suppose 0 = -6*b + 2*b + 20. Suppose 3*z + b*j = 2*j - 6, -4*j - 20 = 0. What is the greatest common factor of z and 12?
3
Let s(p) = -702*p + 700*p + 20 + 15. Let d be s(11). Calculate the highest common divisor of d and 13.
13
Let k = -645 + 697. What is the highest common factor of k and 325?
13
Let m = 1252 - 829. What is the greatest common divisor of 9 and m?
9
Let i(m) = -553*m**3 + 3*m**2 + 2*m - 2. Let v be i(-1). What is the highest common factor of v and 483?
69
Let v(w) = -18*w + 2. Let r be v(-1). Let f be (-114)/(-10) + -3 + 72/r. What is the highest common factor of f and 48?
12
Suppose -285 + 10 = -5*a. What is the highest common factor of a and 77?
11
Let m = 9 - -7. Let y(u) be the third derivative of u**5/60 + 3*u**4/8 + 7*u**3/3 - 11*u**2. Let g be y(-10). Calculate the highest common divisor of g and m.
8
Let t be (-51)/(-2)*(0 + 2). Let j = -31 + t. Calculate the greatest common divisor of j and 10.
10
Let r be (-273)/7*(20/(-3))/(-2). Let s = -120 - r. Calculate the highest common divisor of 50 and s.
10
Let f = 1436 - 820. Calculate the greatest common factor of f and 112.
56
Suppose 2*j - 8 = -d + 4*j, -3*d - j + 24 = 0. Let x = 25 + 111. What is the greatest common divisor of d and x?
8
Let j be ((-2)/(-2))/(1/39). Let d(l) = -46*l - 2788. Let m be d(-64). Calculate the highest common divisor of j and m.
39
Let q = -24 + 26. Suppose 3*o + l = 6*l + 47, -q*o + 38 = -5*l. Suppose 2*s - 5*r = s + 51, s - 27 = -3*r. Calculate the highest common divisor of s and o.
9
Let v = 937 + -837. Calculate the greatest common divisor of v and 425.
25
Let f(t) = -6*t - t**3 - 12 - 3*t**3 + 3*t**3 + 10*t**2. Let j(h) = -h + 13. Let z be j(4). Let a be f(z). What is the highest common factor of 60 and a?
15
Let f(h) = 38 + 14*h + 15*h + h**2 + 9*h - 47*h. Let b be f(8). What is the highest common divisor of b and 120?
30
Let l(m) = -m**3 + 4*m**2 - 2*m. Let g be l(3). Suppose y = -g*y + 256. Suppose -41 = -5*d - v, -8 = 3*v - 11. What is the greatest common divisor of d and y?
8
Let x(h) = 2*h**2 + 3*h + 260. Let v be x(0). Calculate the greatest common factor of v and 65.
65
Suppose 8*a = 4*a + 3*r + 79, 2*a - 43 = 5*r. What is the highest common divisor of 2394 and a?
19
Suppose 5*i = -3*f + 909, i - 2*f = -0*i + 174. What is the greatest common divisor of 120 and i?
60
Let u(c) = -2*c**3 - 6*c**2 + 6*c + 2. Let p be u(-5). Let d = 40 + -22. Let w be 166/d + (-8)/36. Calculate the greatest common factor of w and p.
9
Let l(i) = 2*i**2 + 9*i - 5. Let y be (-510)/70 + 2/7. Let k be l(y). Let b be (k/(-8))/((-12)/32). What is the highest common factor of 25 and b?
5
Suppose 0 = -7*f + 377 - 209. Calculate the highest common divisor of 744 and f.
24
Let f = 599 - 592. Calculate the highest common factor of f and 511.
7
Let d(u) be the third derivative of -u**4/6 + 7*u**3/6 - 3*u**2. Let y be d(-3). What is the greatest common factor of y and 57?
19
Let g = -107 + 149. Calculate the greatest common divisor of g and 30.
6
Suppose -3*a - 6 = -3*x, 5*x + 21 = 46. What is the highest common factor of 243 and a?
3
Let m be 1180/35 - 20/(-70). Calculate the highest common divisor of m and 2822.
34
Let s = 50 - 16. Calculate the highest common factor of s and 544.
34
Suppose -2*w - 61 = 3*x, 4*x - 3 = 3*x + 4*w. Let p(r) = r + 24. Let t be p(x). Let s = t + -6. Calculate the highest common divisor of s and 8.
1
Let v = -163 - -195. Calculate the greatest common divisor of v and 1.
1
Let o(x) = x + 6. Let g be o(-4). Suppose -318 = -3*f - 4*k, -f + 125 = -3*k - g*k. What is the highest common factor of 10 and f?
10
Let s(q) = 418*q**2 + q - 417*q**2 - 4 + 0. Let r be s(7). Suppose 0 = 3*b - 15, -4*b = 4*d - 2*b - 62. What is the highest common factor of d and r?
13
Let l = 1423 - 131. Calculate the greatest common factor of 76 and l.
76
Let d(k) = -k - 1. Let q be d(-3). Let j(f) = f**3 - 5*f + 7. Let i be j(2). Let s = q + i. Calculate the highest common divisor of s and 49.
7
Suppose 3*q + z - 7 = 0, -5*z = -4*q - 6*z + 8. Suppose -y + 3*y - n = 4, -y + n = -3. What is the highest common divisor of q and y?
1
Suppose -3*h = -h + 4*i - 86, 3*h - 3*i = 147. Suppose -2*d + h - 25 = 0. Calculate the highest common divisor of d and 11.
11
Let f = 226 - 78. Suppose -f = -p - p. Suppose p = s + 5*h, -3*h = s + h - 70. What is the highest common factor of 36 and s?
18
Let s(w) = 10*w**3 - 9*w**2 + 10*w + 25. Let g be s(5). What is the highest common divisor of g and 88?
44
Suppose -1540 = 26*d - 6090. Calculate the highest common factor of 125 and d.
25
Let u(d) = -d**3 + 21*d**2 - 2*d + 52. Let o be u(21). Calculate the highest common divisor of 10 and o.
10
Let h = -69 + 93. Suppose -h = 8*m - 12*m. Let r = 49 + -34. What is the greatest common divisor of m and r?
3
Let k(z) = 4*z - 12. Suppose 11*c = 9*c + 12. Let h be k(c). Let q be 5/((-75)/108)*-5. Calculate the greatest common factor of q and h.
12
Suppose 28*r = 28414 - 3970. Calculate the highest common divisor of r and 18.
9
Let s(h) = -h**2 + 72*h - 504. Let g be s(64). Let k = 195 + -131. Calculate the highest common factor of k and g.
8
Let k be (-2 - 0) + (0 - -4). Suppose 0 = 5*m - 8033 + 8013. Calculate the greatest common factor of k and m.
2
Let n = 3 - -6. Let d be (-1)/3 + 408/n. Let j be (d/10)/(1/2). What is the greatest common divisor of j and 72?
9
Suppose 73 = 2*z - 5*k, -3*k + 2 = 17. Calculate the greatest common divisor of 1416 and z.
24
Let t = 877 + -437. What is the greatest common factor of t and 66?
22
Suppose -4*w = -3*n + 12, n + 3*w - 24 + 7 = 0. Suppose -36 = -14*c - n. Calculate the highest common divisor of c and 34.
2
Suppose -4*k - 4*y = -100, -k + 2*y = 2*k - 90. Suppose 12 + k = 4*u. Calculate the highest common divisor of 10 and u.
10
Let y(q) = 23*q**2 - 11*q + 104. Let o be y(5). What is the highest common divisor of o and 39?
39
Suppose -2*p = 6*n - 2*n - 56, 7 = -p + 5*n. Suppose 0 = -3*l - l - 24. Let j(z) = -z - 4. Let v be j(l). What is the greatest common factor of p and v?
2
Let v be 4/30 + ((-4912)/(-60) - -2). What is the greatest common factor of v and 252?
84
Suppose 13 + 7 = 4*v. Suppose 5*y - v*f = 620, -6*f + 7*f = 3*y - 364. Calculate the highest common factor of 80 and y.
40
Let b = 747 - 746. Let v = -4 - -9. What is the highest common factor of b and v?
1
Suppose 8*b - 3*b = 3*i - 29, 5*i - 95 = -b. Let w = 119 - 283. Let y = -20 - w. What is the highest common factor of y and i?
18
Let y = -11 + 29. Let m(h) = h**2 + 3*h - 10. Suppose g - i + 3 = 0, -5*g - 23 = -i - 2*i. Let k be m(g). What is the greatest common divisor of k and y?
18
Let r(p) = -52*p. Suppose 0 = -9*d - 2 - 7. Let g be r(d). Calculate the greatest common factor of 13 and g.
13
Let w(v) = -17*v - 1146. Let l be w(-70). Let s be 2304/21 - (-2)/7. What is the greatest common factor of s and l?
22
Suppose -2 = t + 2*m + 2, 5*m + 28 = 2*t. Suppose t*q + 15 = 71. What is the greatest common divisor of 4 and q?
2
Suppose -m = -6*m + 205. Let h(w) = -3*w**3 - 351*w**2 + 4*w + 837. Let d be h(-117). Calculate the highest common factor of d and m.
41
Suppose -5*h + 22 = -18. Suppose t + 3*t - 2*g = 28, 0 = -2*t + 4*g + h. What is the highest common divisor of 8 and t?
8
Suppose -5*f - 4*l + 84 = -188, f + 5*l - 46 = 0. Calculate the greatest common divisor of f and 7.
7
Suppose -120*a = -126*a + 96. What is the highest common factor of 1 and a?
1
Suppose 4*s - 96 = -0*s. Let f be ((-4)/(-3))/(22/132). Calculate the greatest common factor of f and s.
8
Let z be 135/(-6)*(-60)/45. Calculate the highest common factor of z and 35.
5
Let v = 0 - -12. Let m(i) = -i**3 + i**2 + i - 2. Suppose -2*f - 6 = -2. Let p be m(f). What is the greatest common divisor of p and v?
4
Let a be (17 - 12) + 417/3. Let f = 1 + 17. Calculate the greatest common factor of a and f.
18
Let f(a) = 4*a**2 - 30*a - 10. Let q be f(8). Let t(h) = -h**3 + 6*h**2 + 3*h - 2. Let r be t(q). Calculate the highest common factor of r and 80.
16
Let h = 318 + -206. Suppose -4*y = -j - 40, 2*j = -3*y + 46 - 16. Suppose 3*t 